 Suppose -m = k, 19 + 10 = z - 3*k. Let r = -39 + 80. What is the remainder when r is divided by z?
13
Let x be -4*(-4)/((-32)/(-290)). Suppose -5*t = -x - 65. Calculate the remainder when t is divided by 22.
20
Suppose -18*i = -6*i - 984. Calculate the remainder when i is divided by 21.
19
Let b(z) be the second derivative of -z**5/20 + 2*z**4/3 + 11*z**3/6 + 13*z**2/2 + 2*z. What is the remainder when b(9) is divided by (4 - 1)/((-6)/(-32))?
15
Suppose 0 = -10*k + 7*k + 186. Calculate the remainder when k is divided by 16.
14
Let o(u) = 12*u - 6. Calculate the remainder when o(4) is divided by 15.
12
Suppose -5*a = 20, -4*l = 3*a + 83 - 259. Calculate the remainder when l is divided by 14.
5
Let t = 0 - 0. Let k = -11 + 22. Suppose 2*z - k - 51 = t. Calculate the remainder when z is divided by 11.
9
Suppose 13 = -l - 0*l. Let x = l - -17. Calculate the remainder when 8 is divided by x.
0
What is the remainder when 128/2 - (2 - 0) is divided by 13?
10
Let h be (-42)/24 + (-1)/4. Let z(q) = -q**3 - 2*q**2 - 2*q - 2. Calculate the remainder when 2 is divided by z(h).
0
Let s(f) be the first derivative of 2*f**3/3 + 3*f + 1. Let h = -899 + 908. Calculate the remainder when s(4) is divided by h.
8
Let t(i) = -i**3 + 13*i**2 + 2*i + 7. Let n be t(13). Suppose 4*f + 30 = 3*j + 110, f - n = 4*j. What is the remainder when f is divided by 6?
5
Let n = 44 + -22. What is the remainder when n is divided by 16/(1 - -1) + 0?
6
Let x(t) = 8*t. What is the remainder when x(7) is divided by 19?
18
Suppose 5*r - r = 40. Suppose -60 - 18 = -3*h. Calculate the remainder when h is divided by 4/(-20) - (-72)/r.
5
Suppose 2*s + 0 = 6. Suppose -23*c = -4*c - 76. What is the remainder when c is divided by s?
1
Let v(z) = -3 + 3 + 6 - z + 2*z. Calculate the remainder when v(7) is divided by 7.
6
Suppose -18 = 14*f - 16*f. Calculate the remainder when 24 is divided by f.
6
Let f(p) = -2*p**3 - p**2 + 2*p + 3. Calculate the remainder when f(-2) is divided by 3.
2
Let c(a) = -a - 3. Let f be c(-5). Suppose -39 = -f*s + 5*r, 0 = -5*s + 5*r + 180 - 60. Calculate the remainder when s is divided by 10.
7
Let h(x) = -x**2 - 12*x + 3. Let y be h(-12). Let q = y + 21. Calculate the remainder when 70 is divided by q.
22
Let k(j) = 7*j + 33. Calculate the remainder when k(25) is divided by 35.
33
Suppose 0*z - 6 = -2*z. Suppose 5*o = -3*h + 38, 5*o - 11 - 3 = h. Let d(w) = 2*w - 5. Calculate the remainder when d(h) is divided by z.
1
Let s = 9 - 6. Calculate the remainder when s is divided by (6/15)/(2/5).
0
Suppose -45 = -4*k - 4*s + 7, 0 = 4*s + 20. Suppose -q + 6*q - r = 24, 4*q - 19 = r. What is the remainder when k is divided by q?
3
Let p = -49 - -51. What is the remainder when 2 is divided by p?
0
Let k = -67 - -77. What is the remainder when 12 is divided by k?
2
Let i = 1 - -1. Suppose -4*q - 5*n = -23, 3*n - 10 = -5*q + 22. Calculate the remainder when (-174)/(-15) + i/5 is divided by q.
5
Suppose 0 = 3*d - 6*d + 3. What is the remainder when 33 is divided by (d/(-2))/((-1)/34)?
16
Suppose 2*d = 3*d - 5. Let s = d + -2. Calculate the remainder when 11 is divided by s.
2
Let b(j) = -j**3 - 8*j - 2 + 2*j**3 + 7*j. Let z be b(0). Calculate the remainder when 4 is divided by 4/z*(3 + -4).
0
Let z = 10 - 8. Let v(f) = 30*f + 1. What is the remainder when v(z) is divided by 16?
13
Let g(t) = t + 10. Let d be g(-7). Suppose 0 = -r - d*r + 64. Calculate the remainder when r is divided by 9.
7
Suppose -2*s - 2*a = -100 - 2, s - 2*a = 36. Let t = -5 + 21. What is the remainder when s is divided by t?
14
Let o(t) = t**2 + 3*t + 5. Let s = 4 - 8. Calculate the remainder when (-59)/s + 3/12 is divided by o(-4).
6
Suppose 6 = -3*l - t - t, 6 = -3*l - t. Calculate the remainder when l/(-6) + 260/12 is divided by 13.
9
Suppose 7*t = 33 + 37. What is the remainder when 18 is divided by t?
8
What is the remainder when -4 - (-149 + -2 + 4) is divided by 16?
15
Suppose 14*q - 841 = 321. Calculate the remainder when q is divided by 24.
11
Let g = 2 + 2. Suppose 4*x - 19 = 5*j, -3*j = -g*x + 15 + 14. Let r = 28 - 8. Calculate the remainder when r is divided by x.
9
Suppose 0 = 3*n + 2*p - 4, p = -p - 2. Suppose 12 + 0 = n*i. Let u(r) = -7*r - 3. Calculate the remainder when u(-2) is divided by i.
5
Let x(t) = t**3 - 10*t**2 + 10*t - 8. Let j be x(9). Let q = 3 + j. Calculate the remainder when q is divided by 2.
0
Let k(h) = -h**2 - 8*h + 15. What is the remainder when k(-8) is divided by 9?
6
Suppose 0 = 6*d - 418 + 118. Calculate the remainder when d is divided by 14.
8
Suppose 2*a + 269 = 7*a - 2*u, 2*a - 5*u = 116. What is the remainder when a is divided by 18?
17
Suppose -3*a + 18 + 45 = 0. Calculate the remainder when a is divided by 4.
1
Suppose 15 + 21 = 4*t. Let z(q) = 10*q + 4. Calculate the remainder when z(3) is divided by t.
7
Suppose -t + 3*t = 0. Suppose 4*u = 24 - t. What is the remainder when 34/u*(-1 + 4) is divided by 9?
8
Suppose -56 = -12*a + 5*a. Suppose -3*l + 78 = -l. Calculate the remainder when l is divided by a.
7
Suppose 2*z - 5*z = v - 11, -2*v = z + 3. Suppose 0 = y - 3*j - 40, -50 = 3*y - 6*y - z*j. Calculate the remainder when 98 is divided by y.
23
Let l = 3 + 39. What is the remainder when l is divided by 11?
9
Suppose v = -2*u + 7, -3*v + 8 = u - 28. Let k be -2 + -1 + (-9)/(-1). Suppose -k*d - 74 = -8*d. Calculate the remainder when d is divided by v.
11
Suppose -d - 4*d + 5*u = -220, -5*d + u = -208. Calculate the remainder when d is divided by 11.
8
Let h(t) = t - 3. Let a be h(0). What is the remainder when 66 is divided by (-17)/a*(1 - -2)?
15
Suppose k - 14 + 6 = 0. Calculate the remainder when 15 is divided by k.
7
Let a(i) = -i**3 + 7*i**2 - 2*i + 24. Calculate the remainder when 26 is divided by a(7).
6
Let s(k) = k + 3. Let z be s(-3). Suppose -5*o + 5*y + 78 = 28, 2*y + 4 = z. Calculate the remainder when o is divided by (1 - -2)/(-1 - -2).
2
Suppose 0 = 5*u + 13 + 7. Let h = -1 - u. What is the remainder when 8 is divided by h?
2
Let y = 17 - 7. Suppose -k - 4*k = -y. What is the remainder when 4 is divided by k?
0
Suppose -2*z + 68 = 2*z. Calculate the remainder when 49 is divided by z.
15
Suppose 0 = -x + 5*d + 3, 2*d + 6 = 2*x - 0*d. Let y(l) = -8*l - 2. Let i be y(x). Let o = i + 38. What is the remainder when o is divided by 7?
5
Suppose 170 = 4*b - 178. Suppose 4*i = -m + 145, 4*m = -2*i + b - 11. Calculate the remainder when i is divided by 19.
17
Suppose 0 = 3*b - 4 - 2. Suppose -2*h + 20 = b*h. Calculate the remainder when h is divided by 4.
1
Let m(n) be the first derivative of 3*n**4/4 + 3*n**2/2 - 2*n - 9. What is the remainder when 5 is divided by m(1)?
1
Suppose 4*x = -4*f + 12, -x - 5 = -4*f + 2*x. Suppose -44 + 12 = -4*w. Calculate the remainder when f is divided by -2 + w/2*1.
0
Let p(w) = 2*w - 4. Suppose -l + 7 = -5*c, -c + 0 + 3 = 2*l. What is the remainder when p(4) is divided by l?
0
Suppose 2*k - 5*k = 12. Let y be k/(-4) - (-1 + 4). What is the remainder when 13 is divided by (-11)/y + 2/(-4)?
3
Suppose 4*p - 96 = -4*q, -63 - 21 = -4*p - q. What is the remainder when p is divided by 225/21 + (-2)/(-7)?
9
Suppose -6*w + 22 + 206 = 0. What is the remainder when w is divided by 21?
17
Suppose -5*l + 4*p = 51 + 109, -l - 61 = 5*p. Let o = l - -75. What is the remainder when o is divided by 14?
11
Let y = 22 - 1. Suppose -m = 4*r + 10, -7 = -2*m + r - 0. Suppose 0 = 5*t + m*u - 28, 3*u - 6 = -3*t + 9. What is the remainder when y is divided by t?
3
Suppose 4*o - 5*d - 44 = 0, 3*o - 2*d = 14 + 19. Suppose -41 + o = 2*v. Calculate the remainder when 88/5 - (-9)/v is divided by 10.
7
Let m be (-1)/(3/12)*-1. Suppose 4*s = -f + 12 + 6, 1 = -s - 3*f. Let o = s - m. What is the remainder when o is divided by 1?
0
Calculate the remainder when 27 is divided by 4 + -2 + (10 - -2).
13
Let m = -67 - -95. Suppose 0*a + 6 = 3*a. Suppose -a*t + 3 = 2*h - 15, 4*h - t - 41 = 0. Calculate the remainder when m is divided by h.
8
Suppose 5*p - 3*l = 2*p - 120, 0 = -3*p - 2*l - 95. What is the remainder when (-14)/p + (-13)/(-5) is divided by 1?
0
Let b(m) = -7 - m - m**2 + 0*m - 5*m. Let r be b(-5). Calculate the remainder when 38 is divided by 15 - 2*(r + 3).
12
Let k = -18 - -27. What is the remainder when 33 is divided by k?
6
Suppose m